{"id":521,"date":"2024-06-28T15:02:07","date_gmt":"2024-06-28T18:02:07","guid":{"rendered":"http:\/\/tecsetesolucoes.com.br\/?page_id=521"},"modified":"2024-06-29T11:32:29","modified_gmt":"2024-06-29T14:32:29","slug":"sobre-nos","status":"publish","type":"page","link":"https:\/\/tecsetesolucoes.com.br\/?page_id=521","title":{"rendered":"Sobre N\u00f3s"},"content":{"rendered":"\t\t<div data-elementor-type=\"wp-page\" data-elementor-id=\"521\" class=\"elementor elementor-521\" data-elementor-post-type=\"page\">\n\t\t\t\t<div class=\"elementor-element elementor-element-ea1b33e e-flex e-con-boxed e-con e-parent\" data-id=\"ea1b33e\" data-element_type=\"container\" data-settings=\"{&quot;background_background&quot;:&quot;video&quot;,&quot;background_video_link&quot;:&quot;https:\\\/\\\/www.youtube.com\\\/watch?v=sQ22pm-xvrE&quot;,&quot;background_video_start&quot;:2,&quot;background_video_end&quot;:19}\">\n\t\t\t\t\t<div class=\"e-con-inner\">\n\t\t<div class=\"elementor-background-video-container elementor-hidden-phone\">\n\t\t\t\t\t\t\t<div class=\"elementor-background-video-embed\"><\/div>\n\t\t\t\t\t\t<\/div>\t\t\t<\/div>\n\t\t\t\t<\/div>\n\t\t<div class=\"elementor-element elementor-element-970f23e e-flex e-con-boxed e-con e-parent\" data-id=\"970f23e\" data-element_type=\"container\">\n\t\t\t\t\t<div class=\"e-con-inner\">\n\t\t\t\t<div class=\"elementor-element elementor-element-f2c5bb9 animated-slow elementor-invisible elementor-widget elementor-widget-heading\" data-id=\"f2c5bb9\" data-element_type=\"widget\" data-settings=\"{&quot;_animation&quot;:&quot;fadeInLeft&quot;}\" data-widget_type=\"heading.default\">\n\t\t\t\t<div class=\"elementor-widget-container\">\n\t\t\t<style>\/*! elementor - v3.22.0 - 26-06-2024 *\/\n.elementor-heading-title{padding:0;margin:0;line-height:1}.elementor-widget-heading .elementor-heading-title[class*=elementor-size-]>a{color:inherit;font-size:inherit;line-height:inherit}.elementor-widget-heading .elementor-heading-title.elementor-size-small{font-size:15px}.elementor-widget-heading .elementor-heading-title.elementor-size-medium{font-size:19px}.elementor-widget-heading .elementor-heading-title.elementor-size-large{font-size:29px}.elementor-widget-heading .elementor-heading-title.elementor-size-xl{font-size:39px}.elementor-widget-heading .elementor-heading-title.elementor-size-xxl{font-size:59px}<\/style><h2 class=\"elementor-heading-title elementor-size-default\">Tec7 Solu\u00e7\u00f5es<\/h2>\t\t<\/div>\n\t\t\t\t<\/div>\n\t\t\t\t<div class=\"elementor-element elementor-element-181799c elementor-widget elementor-widget-text-editor\" data-id=\"181799c\" data-element_type=\"widget\" data-widget_type=\"text-editor.default\">\n\t\t\t\t<div class=\"elementor-widget-container\">\n\t\t\t<style>\/*! elementor - v3.22.0 - 26-06-2024 *\/\n.elementor-widget-text-editor.elementor-drop-cap-view-stacked .elementor-drop-cap{background-color:#69727d;color:#fff}.elementor-widget-text-editor.elementor-drop-cap-view-framed .elementor-drop-cap{color:#69727d;border:3px solid;background-color:transparent}.elementor-widget-text-editor:not(.elementor-drop-cap-view-default) .elementor-drop-cap{margin-top:8px}.elementor-widget-text-editor:not(.elementor-drop-cap-view-default) .elementor-drop-cap-letter{width:1em;height:1em}.elementor-widget-text-editor .elementor-drop-cap{float:left;text-align:center;line-height:1;font-size:50px}.elementor-widget-text-editor .elementor-drop-cap-letter{display:inline-block}<\/style>\t\t\t\t<p>Estamos presente h\u00e1 mais de\u00a0<strong>30 anos<\/strong>\u00a0na \u00e1rea de\u00a0tecnologia, atendendo clientes de\u00a0<strong>diversos setores<\/strong>, com\u00a0<strong>servi\u00e7os personalizados<\/strong>, n\u00e3o buscamos somente clientes e sim uma parceria duradoura procurando inova\u00e7\u00f5es de mercado para cada vez mais alavancar sua empresa.<\/p>\t\t\t\t\t\t<\/div>\n\t\t\t\t<\/div>\n\t\t\t\t\t<\/div>\n\t\t\t\t<\/div>\n\t\t<div class=\"elementor-element elementor-element-ea8c087 e-flex e-con-boxed e-con e-parent\" data-id=\"ea8c087\" data-element_type=\"container\">\n\t\t\t\t\t<div class=\"e-con-inner\">\n\t\t<div class=\"elementor-element elementor-element-5c4e37a e-con-full e-flex e-con e-child\" data-id=\"5c4e37a\" data-element_type=\"container\">\n\t\t\t\t<div class=\"elementor-element elementor-element-6eb229f elementor-widget elementor-widget-text-editor\" data-id=\"6eb229f\" data-element_type=\"widget\" data-widget_type=\"text-editor.default\">\n\t\t\t\t<div class=\"elementor-widget-container\">\n\t\t\t\t\t\t\t<p>Uma empresa renomada com t\u00e9cnico especializado e capacitado,\u00a0 para oferecer a melhor solu\u00e7\u00e3o. Pronto para resolver situa\u00e7\u00f5es complexas na \u00e1rea da inform\u00e1tica.<\/p><ul><li>Certifica\u00e7\u00e3o Microsoft;<\/li><li>Certifica\u00e7\u00e3o Linux;<\/li><li>Aplica\u00e7\u00e3o da Lei LGPD.<\/li><\/ul>\t\t\t\t\t\t<\/div>\n\t\t\t\t<\/div>\n\t\t<div class=\"elementor-element elementor-element-960cc5f e-con-full e-flex e-con e-child\" data-id=\"960cc5f\" data-element_type=\"container\">\n\t\t\t\t<div class=\"elementor-element elementor-element-deb871b animated-slow elementor-invisible elementor-widget elementor-widget-image\" data-id=\"deb871b\" data-element_type=\"widget\" data-settings=\"{&quot;_animation&quot;:&quot;fadeInLeft&quot;}\" data-widget_type=\"image.default\">\n\t\t\t\t<div class=\"elementor-widget-container\">\n\t\t\t<style>\/*! elementor - v3.22.0 - 26-06-2024 *\/\n.elementor-widget-image{text-align:center}.elementor-widget-image a{display:inline-block}.elementor-widget-image a img[src$=\".svg\"]{width:48px}.elementor-widget-image img{vertical-align:middle;display:inline-block}<\/style>\t\t\t\t\t\t\t\t\t\t<img fetchpriority=\"high\" decoding=\"async\" width=\"800\" height=\"295\" src=\"https:\/\/tecsetesolucoes.com.br\/wp-content\/uploads\/2024\/06\/f278b037aabc09bc1fbaf8b10529b86c-1024x377.png\" class=\"elementor-animation-grow attachment-large size-large wp-image-88\" alt=\"\" srcset=\"https:\/\/tecsetesolucoes.com.br\/wp-content\/uploads\/2024\/06\/f278b037aabc09bc1fbaf8b10529b86c-1024x377.png 1024w, https:\/\/tecsetesolucoes.com.br\/wp-content\/uploads\/2024\/06\/f278b037aabc09bc1fbaf8b10529b86c-300x110.png 300w, https:\/\/tecsetesolucoes.com.br\/wp-content\/uploads\/2024\/06\/f278b037aabc09bc1fbaf8b10529b86c-768x283.png 768w, https:\/\/tecsetesolucoes.com.br\/wp-content\/uploads\/2024\/06\/f278b037aabc09bc1fbaf8b10529b86c.png 1440w\" sizes=\"(max-width: 800px) 100vw, 800px\" \/>\t\t\t\t\t\t\t\t\t\t\t\t\t<\/div>\n\t\t\t\t<\/div>\n\t\t\t\t<div class=\"elementor-element elementor-element-033fac9 animated-slow elementor-invisible elementor-widget elementor-widget-image\" data-id=\"033fac9\" data-element_type=\"widget\" data-settings=\"{&quot;_animation&quot;:&quot;fadeInLeft&quot;,&quot;_animation_delay&quot;:50}\" data-widget_type=\"image.default\">\n\t\t\t\t<div class=\"elementor-widget-container\">\n\t\t\t\t\t\t\t\t\t\t\t\t\t<img decoding=\"async\" width=\"800\" height=\"284\" src=\"https:\/\/tecsetesolucoes.com.br\/wp-content\/uploads\/2024\/06\/esssssss-1024x364.png\" class=\"elementor-animation-grow attachment-large size-large wp-image-352\" alt=\"\" srcset=\"https:\/\/tecsetesolucoes.com.br\/wp-content\/uploads\/2024\/06\/esssssss-1024x364.png 1024w, https:\/\/tecsetesolucoes.com.br\/wp-content\/uploads\/2024\/06\/esssssss-300x107.png 300w, https:\/\/tecsetesolucoes.com.br\/wp-content\/uploads\/2024\/06\/esssssss-768x273.png 768w, https:\/\/tecsetesolucoes.com.br\/wp-content\/uploads\/2024\/06\/esssssss-1536x546.png 1536w, https:\/\/tecsetesolucoes.com.br\/wp-content\/uploads\/2024\/06\/esssssss-2048x728.png 2048w\" sizes=\"(max-width: 800px) 100vw, 800px\" \/>\t\t\t\t\t\t\t\t\t\t\t\t\t<\/div>\n\t\t\t\t<\/div>\n\t\t\t\t<div class=\"elementor-element elementor-element-1747d19 animated-slow elementor-invisible elementor-widget elementor-widget-image\" data-id=\"1747d19\" data-element_type=\"widget\" data-settings=\"{&quot;_animation&quot;:&quot;fadeInLeft&quot;,&quot;_animation_delay&quot;:100}\" data-widget_type=\"image.default\">\n\t\t\t\t<div class=\"elementor-widget-container\">\n\t\t\t\t\t\t\t\t\t\t\t\t\t<img decoding=\"async\" width=\"800\" height=\"314\" src=\"https:\/\/tecsetesolucoes.com.br\/wp-content\/uploads\/2024\/06\/LGPD-e1719159698360-1024x402.png\" class=\"elementor-animation-grow attachment-large size-large wp-image-70\" alt=\"\" srcset=\"https:\/\/tecsetesolucoes.com.br\/wp-content\/uploads\/2024\/06\/LGPD-e1719159698360-1024x402.png 1024w, https:\/\/tecsetesolucoes.com.br\/wp-content\/uploads\/2024\/06\/LGPD-e1719159698360-300x118.png 300w, https:\/\/tecsetesolucoes.com.br\/wp-content\/uploads\/2024\/06\/LGPD-e1719159698360-768x302.png 768w, https:\/\/tecsetesolucoes.com.br\/wp-content\/uploads\/2024\/06\/LGPD-e1719159698360-1536x603.png 1536w, https:\/\/tecsetesolucoes.com.br\/wp-content\/uploads\/2024\/06\/LGPD-e1719159698360.png 1823w\" sizes=\"(max-width: 800px) 100vw, 800px\" \/>\t\t\t\t\t\t\t\t\t\t\t\t\t<\/div>\n\t\t\t\t<\/div>\n\t\t\t\t<\/div>\n\t\t\t\t<\/div>\n\t\t<div class=\"elementor-element elementor-element-592b29d e-con-full e-flex e-con e-child\" data-id=\"592b29d\" data-element_type=\"container\">\n\t\t\t\t<div class=\"elementor-element elementor-element-364b978 animated-slow elementor-invisible elementor-widget elementor-widget-image\" data-id=\"364b978\" data-element_type=\"widget\" data-settings=\"{&quot;_animation&quot;:&quot;fadeInRight&quot;}\" data-widget_type=\"image.default\">\n\t\t\t\t<div class=\"elementor-widget-container\">\n\t\t\t\t\t\t\t\t\t\t\t\t\t<img loading=\"lazy\" decoding=\"async\" width=\"512\" height=\"512\" src=\"https:\/\/tecsetesolucoes.com.br\/wp-content\/uploads\/2024\/06\/cropped-Logo-Tech7-Garrafa.png\" class=\"elementor-animation-grow attachment-large size-large wp-image-7\" alt=\"\" srcset=\"https:\/\/tecsetesolucoes.com.br\/wp-content\/uploads\/2024\/06\/cropped-Logo-Tech7-Garrafa.png 512w, https:\/\/tecsetesolucoes.com.br\/wp-content\/uploads\/2024\/06\/cropped-Logo-Tech7-Garrafa-300x300.png 300w, https:\/\/tecsetesolucoes.com.br\/wp-content\/uploads\/2024\/06\/cropped-Logo-Tech7-Garrafa-150x150.png 150w, https:\/\/tecsetesolucoes.com.br\/wp-content\/uploads\/2024\/06\/cropped-Logo-Tech7-Garrafa-270x270.png 270w, https:\/\/tecsetesolucoes.com.br\/wp-content\/uploads\/2024\/06\/cropped-Logo-Tech7-Garrafa-192x192.png 192w, https:\/\/tecsetesolucoes.com.br\/wp-content\/uploads\/2024\/06\/cropped-Logo-Tech7-Garrafa-180x180.png 180w, https:\/\/tecsetesolucoes.com.br\/wp-content\/uploads\/2024\/06\/cropped-Logo-Tech7-Garrafa-32x32.png 32w\" sizes=\"(max-width: 512px) 100vw, 512px\" \/>\t\t\t\t\t\t\t\t\t\t\t\t\t<\/div>\n\t\t\t\t<\/div>\n\t\t\t\t<\/div>\n\t\t\t\t\t<\/div>\n\t\t\t\t<\/div>\n\t\t\t\t<\/div>\n\t\t","protected":false},"excerpt":{"rendered":"<p>Tec7 Solu\u00e7\u00f5es Estamos presente h\u00e1 mais de\u00a030 anos\u00a0na \u00e1rea de\u00a0tecnologia, atendendo clientes de\u00a0diversos setores, com\u00a0servi\u00e7os personalizados, n\u00e3o buscamos somente clientes e sim uma parceria duradoura procurando inova\u00e7\u00f5es de mercado para cada vez mais alavancar sua empresa. Uma empresa renomada com t\u00e9cnico especializado e capacitado,\u00a0 para oferecer a melhor solu\u00e7\u00e3o. Pronto para resolver situa\u00e7\u00f5es complexas na [&hellip;]<\/p>\n","protected":false},"author":1,"featured_media":0,"parent":0,"menu_order":0,"comment_status":"closed","ping_status":"closed","template":"","meta":{"footnotes":""},"class_list":["post-521","page","type-page","status-publish","hentry"],"_links":{"self":[{"href":"https:\/\/tecsetesolucoes.com.br\/index.php?rest_route=\/wp\/v2\/pages\/521","targetHints":{"allow":["GET"]}}],"collection":[{"href":"https:\/\/tecsetesolucoes.com.br\/index.php?rest_route=\/wp\/v2\/pages"}],"about":[{"href":"https:\/\/tecsetesolucoes.com.br\/index.php?rest_route=\/wp\/v2\/types\/page"}],"author":[{"embeddable":true,"href":"https:\/\/tecsetesolucoes.com.br\/index.php?rest_route=\/wp\/v2\/users\/1"}],"replies":[{"embeddable":true,"href":"https:\/\/tecsetesolucoes.com.br\/index.php?rest_route=%2Fwp%2Fv2%2Fcomments&post=521"}],"version-history":[{"count":49,"href":"https:\/\/tecsetesolucoes.com.br\/index.php?rest_route=\/wp\/v2\/pages\/521\/revisions"}],"predecessor-version":[{"id":800,"href":"https:\/\/tecsetesolucoes.com.br\/index.php?rest_route=\/wp\/v2\/pages\/521\/revisions\/800"}],"wp:attachment":[{"href":"https:\/\/tecsetesolucoes.com.br\/index.php?rest_route=%2Fwp%2Fv2%2Fmedia&parent=521"}],"curies":[{"name":"wp","href":"https:\/\/api.w.org\/{rel}","templated":true}]}}